{"id":912,"date":"2024-08-03T22:22:40","date_gmt":"2024-08-04T01:22:40","guid":{"rendered":"https:\/\/livraria.fadenor.com.br\/?post_type=product&#038;p=912"},"modified":"2025-12-12T16:00:04","modified_gmt":"2025-12-12T19:00:04","slug":"hibridos-e-mutantes-estudo-comparativo-entre-aconselhamento-genetico-e-eugenia","status":"publish","type":"product","link":"https:\/\/livraria.fadenor.com.br\/?product=hibridos-e-mutantes-estudo-comparativo-entre-aconselhamento-genetico-e-eugenia","title":{"rendered":"H\u00edbridos e Mutantes  &#8211; Estudo comparativo entre aconselhamento gen\u00e9tico e eugenia"},"content":{"rendered":"<div class=\"elementor-element elementor-element-75ce744b elementor-widget__width-initial elementor-widget elementor-widget-text-editor\" data-id=\"75ce744b\" data-element_type=\"widget\" data-widget_type=\"text-editor.default\">\n<div class=\"elementor-widget-container\">\n<p><b>Autor<\/b>: Bruno Lucas Saliba de Paula<\/p>\n<p><b>Sinopse<\/b>: O aconselhamento gen\u00e9tico combina tecnologia cient\u00edfica e racionalidade econ\u00f4mica voltadas para um mercado de consumidores privados. Esses elementos e o link processual entre eles est\u00e1 muito bem real\u00e7ado em toda a extens\u00e3o do livro, ao nos mostrar que o aconselhamento gen\u00e9tico abarca pelo menos tr\u00eas coisas, a um s\u00f3 tempo: a interven\u00e7\u00e3o altamente especializada e bastante promissora sobre a vida biol\u00f3gica dos seres humanos e outros seres, a oferta de um bem \u00fatil para um mercado lucrativo e em expans\u00e3o, e o conjunto variado de agentes disposto a consumir o que lhes faz mais saud\u00e1veis e ativos. A amplitude da tecnologia, a mercantiliza\u00e7\u00e3o do poder, o interesse do receptor: sob essa tr\u00edade saber-objeto-sujeito se assenta a pr\u00e1tica do aconselhamento gen\u00e9tico.<\/p>\n<\/div>\n<\/div>\n<section class=\"elementor-section elementor-inner-section elementor-element elementor-element-2c55a04b elementor-section-boxed elementor-section-height-default elementor-section-height-default wpr-particle-no wpr-jarallax-no wpr-parallax-no wpr-sticky-section-no\" data-id=\"2c55a04b\" data-element_type=\"section\">\n<div class=\"elementor-container elementor-column-gap-default\">\n<div class=\"elementor-column elementor-col-50 elementor-inner-column elementor-element elementor-element-65a8a596\" data-id=\"65a8a596\" data-element_type=\"column\">\n<div class=\"elementor-widget-wrap elementor-element-populated\">\n<div class=\"elementor-element elementor-element-45418d7a elementor-widget elementor-widget-text-editor\" data-id=\"45418d7a\" data-element_type=\"widget\" data-widget_type=\"text-editor.default\">\n<div class=\"elementor-widget-container\">\n<p><strong>\u00c1rea:<\/strong>\u00a0Ci\u00eancias Sociais Aplicadas<\/p>\n<p><strong>ISBN:\u00a0<\/strong>978-85-94368-05-8<\/p>\n<p><strong>Ano | Edi\u00e7\u00e3o:\u00a0<\/strong>2018 |\u00a01\u00b0<\/p>\n<p><strong>P\u00e1ginas:\u00a0<\/strong>180<\/p>\n<p><strong>Editora:\u00a0<\/strong>Unimontes<\/p>\n<p><strong>Dimens\u00e3o:<\/strong>\u00a014x21cm<\/p>\n<\/div>\n<\/div>\n<\/div>\n<\/div>\n<\/div>\n<\/section>\n","protected":false},"excerpt":{"rendered":"<p>Autor: Bruno Lucas Saliba de Paula Sinopse: O aconselhamento gen\u00e9tico combina tecnologia cient\u00edfica e racionalidade econ\u00f4mica voltadas para um mercado de consumidores privados. Esses elementos e o link processual entre eles est\u00e1 muito bem real\u00e7ado em toda a extens\u00e3o do livro, ao nos mostrar que o aconselhamento gen\u00e9tico abarca pelo menos tr\u00eas coisas, a um [&hellip;]<\/p>\n","protected":false},"featured_media":1075,"template":"","meta":[],"product_brand":[],"product_cat":[32,26],"product_tag":[],"class_list":{"0":"post-912","1":"product","2":"type-product","3":"status-publish","4":"has-post-thumbnail","6":"product_cat-ciencias-sociais-aplicadas","7":"product_cat-publicacoes","9":"first","10":"outofstock","11":"shipping-taxable","12":"purchasable","13":"product-type-simple"},"_links":{"self":[{"href":"https:\/\/livraria.fadenor.com.br\/index.php?rest_route=\/wp\/v2\/product\/912","targetHints":{"allow":["GET"]}}],"collection":[{"href":"https:\/\/livraria.fadenor.com.br\/index.php?rest_route=\/wp\/v2\/product"}],"about":[{"href":"https:\/\/livraria.fadenor.com.br\/index.php?rest_route=\/wp\/v2\/types\/product"}],"version-history":[{"count":1,"href":"https:\/\/livraria.fadenor.com.br\/index.php?rest_route=\/wp\/v2\/product\/912\/revisions"}],"predecessor-version":[{"id":2370,"href":"https:\/\/livraria.fadenor.com.br\/index.php?rest_route=\/wp\/v2\/product\/912\/revisions\/2370"}],"wp:featuredmedia":[{"embeddable":true,"href":"https:\/\/livraria.fadenor.com.br\/index.php?rest_route=\/wp\/v2\/media\/1075"}],"wp:attachment":[{"href":"https:\/\/livraria.fadenor.com.br\/index.php?rest_route=%2Fwp%2Fv2%2Fmedia&parent=912"}],"wp:term":[{"taxonomy":"product_brand","embeddable":true,"href":"https:\/\/livraria.fadenor.com.br\/index.php?rest_route=%2Fwp%2Fv2%2Fproduct_brand&post=912"},{"taxonomy":"product_cat","embeddable":true,"href":"https:\/\/livraria.fadenor.com.br\/index.php?rest_route=%2Fwp%2Fv2%2Fproduct_cat&post=912"},{"taxonomy":"product_tag","embeddable":true,"href":"https:\/\/livraria.fadenor.com.br\/index.php?rest_route=%2Fwp%2Fv2%2Fproduct_tag&post=912"}],"curies":[{"name":"wp","href":"https:\/\/api.w.org\/{rel}","templated":true}]}}