{"id":921,"date":"2024-08-03T22:40:34","date_gmt":"2024-08-04T01:40:34","guid":{"rendered":"https:\/\/livraria.fadenor.com.br\/?post_type=product&#038;p=921"},"modified":"2025-12-12T16:02:10","modified_gmt":"2025-12-12T19:02:10","slug":"espacos-e-transacoes-sociais","status":"publish","type":"product","link":"https:\/\/livraria.fadenor.com.br\/?product=espacos-e-transacoes-sociais","title":{"rendered":"Espa\u00e7os e transa\u00e7\u00f5es sociais"},"content":{"rendered":"<div class=\"elementor-element elementor-element-1e9cd65f elementor-widget__width-initial elementor-widget elementor-widget-text-editor\" data-id=\"1e9cd65f\" data-element_type=\"widget\" data-widget_type=\"text-editor.default\">\n<div class=\"elementor-widget-container\">\n<p><b>Autor<\/b>: Jean R\u00e9my<\/p>\n<p><b>Sinopse<\/b>: Esta colet\u00e2nea de textos e entrevista almeja propiciar uma vis\u00e3o geral da vasta obra de Jean R\u00e9my, e, por extens\u00e3o, o acesso \u00e0 contribui\u00e7\u00e3o de coautores insepar\u00e1veis, como Liliane Voy\u00e9. O trabalho abundante de R\u00e9my vem despertando a aten\u00e7\u00e3o, principalmente daqueles interessados na problem\u00e1tica urbana, no fen\u00f4meno da mobilidade espacial, modalidades de intera\u00e7\u00f5es e na compreens\u00e3o das formas de \u201ctransa\u00e7\u00e3o\u201d em sociedades contempor\u00e2neas. Embora o seu contexto de pesquisa seja o europeu, sobretudo a complexidade da sociedade belga, as interpreta\u00e7\u00f5es sociol\u00f3gicas de R\u00e9my tamb\u00e9m lan\u00e7am luzes sobre tipo de situa\u00e7\u00f5es e cen\u00e1rios, podendo perfeitamente inspirar pesquisas e an\u00e1lises a respeito da diversidade brasileira, em que o moderno \u00e9 caracterizado pela transitoriedade, contendo id\u00eanticas dimens\u00f5es do estrutural e do estruturante que o autor coloca na base da sua an\u00e1lise.<\/p>\n<\/div>\n<\/div>\n<section class=\"elementor-section elementor-inner-section elementor-element elementor-element-13569c58 elementor-section-boxed elementor-section-height-default elementor-section-height-default wpr-particle-no wpr-jarallax-no wpr-parallax-no wpr-sticky-section-no\" data-id=\"13569c58\" data-element_type=\"section\">\n<div class=\"elementor-container elementor-column-gap-default\">\n<div class=\"elementor-column elementor-col-50 elementor-inner-column elementor-element elementor-element-3bf00ef5\" data-id=\"3bf00ef5\" data-element_type=\"column\">\n<div class=\"elementor-widget-wrap elementor-element-populated\">\n<div class=\"elementor-element elementor-element-784770cb elementor-widget elementor-widget-text-editor\" data-id=\"784770cb\" data-element_type=\"widget\" data-widget_type=\"text-editor.default\">\n<div class=\"elementor-widget-container\">\n<p><strong>\u00c1rea:\u00a0<\/strong>Ci\u00eancias Sociais Aplicadas<\/p>\n<p><strong>ISBN:\u00a0<\/strong>978-85-419-029-0<\/p>\n<p><strong>Ano | Edi\u00e7\u00e3o:\u00a0<\/strong>2016 |\u00a01\u00b0<\/p>\n<p><strong>P\u00e1ginas:\u00a0<\/strong>296<\/p>\n<p><strong>Editora:<\/strong>\u00a0Unimontes<\/p>\n<p><strong>Dimens\u00e3o:\u00a0<\/strong>14x21cm<\/p>\n<\/div>\n<\/div>\n<\/div>\n<\/div>\n<\/div>\n<\/section>\n","protected":false},"excerpt":{"rendered":"<p>Autor: Jean R\u00e9my Sinopse: Esta colet\u00e2nea de textos e entrevista almeja propiciar uma vis\u00e3o geral da vasta obra de Jean R\u00e9my, e, por extens\u00e3o, o acesso \u00e0 contribui\u00e7\u00e3o de coautores insepar\u00e1veis, como Liliane Voy\u00e9. O trabalho abundante de R\u00e9my vem despertando a aten\u00e7\u00e3o, principalmente daqueles interessados na problem\u00e1tica urbana, no fen\u00f4meno da mobilidade espacial, modalidades [&hellip;]<\/p>\n","protected":false},"featured_media":1078,"template":"","meta":[],"product_brand":[],"product_cat":[32,26],"product_tag":[],"class_list":{"0":"post-921","1":"product","2":"type-product","3":"status-publish","4":"has-post-thumbnail","6":"product_cat-ciencias-sociais-aplicadas","7":"product_cat-publicacoes","9":"first","10":"outofstock","11":"shipping-taxable","12":"purchasable","13":"product-type-simple"},"_links":{"self":[{"href":"https:\/\/livraria.fadenor.com.br\/index.php?rest_route=\/wp\/v2\/product\/921","targetHints":{"allow":["GET"]}}],"collection":[{"href":"https:\/\/livraria.fadenor.com.br\/index.php?rest_route=\/wp\/v2\/product"}],"about":[{"href":"https:\/\/livraria.fadenor.com.br\/index.php?rest_route=\/wp\/v2\/types\/product"}],"version-history":[{"count":1,"href":"https:\/\/livraria.fadenor.com.br\/index.php?rest_route=\/wp\/v2\/product\/921\/revisions"}],"predecessor-version":[{"id":2377,"href":"https:\/\/livraria.fadenor.com.br\/index.php?rest_route=\/wp\/v2\/product\/921\/revisions\/2377"}],"wp:featuredmedia":[{"embeddable":true,"href":"https:\/\/livraria.fadenor.com.br\/index.php?rest_route=\/wp\/v2\/media\/1078"}],"wp:attachment":[{"href":"https:\/\/livraria.fadenor.com.br\/index.php?rest_route=%2Fwp%2Fv2%2Fmedia&parent=921"}],"wp:term":[{"taxonomy":"product_brand","embeddable":true,"href":"https:\/\/livraria.fadenor.com.br\/index.php?rest_route=%2Fwp%2Fv2%2Fproduct_brand&post=921"},{"taxonomy":"product_cat","embeddable":true,"href":"https:\/\/livraria.fadenor.com.br\/index.php?rest_route=%2Fwp%2Fv2%2Fproduct_cat&post=921"},{"taxonomy":"product_tag","embeddable":true,"href":"https:\/\/livraria.fadenor.com.br\/index.php?rest_route=%2Fwp%2Fv2%2Fproduct_tag&post=921"}],"curies":[{"name":"wp","href":"https:\/\/api.w.org\/{rel}","templated":true}]}}