{"id":923,"date":"2024-08-03T22:42:58","date_gmt":"2024-08-04T01:42:58","guid":{"rendered":"https:\/\/livraria.fadenor.com.br\/?post_type=product&#038;p=923"},"modified":"2025-12-12T16:02:17","modified_gmt":"2025-12-12T19:02:17","slug":"enquanto-a-imagem-nao-sai-do-ar","status":"publish","type":"product","link":"https:\/\/livraria.fadenor.com.br\/?product=enquanto-a-imagem-nao-sai-do-ar","title":{"rendered":"Enquanto a imagem n\u00e3o sai do ar"},"content":{"rendered":"<div class=\"elementor-element elementor-element-2baa5e09 elementor-widget__width-initial elementor-widget elementor-widget-text-editor\" data-id=\"2baa5e09\" data-element_type=\"widget\" data-widget_type=\"text-editor.default\">\n<div class=\"elementor-widget-container\">\n<p><b>Autores<\/b>: C\u00e9sar Felipe Gusm\u00e3o Santiago, Marcelo Jos\u00e9 da Silva de Magalh\u00e3es e Ana Paula Alkmim Figueiredo Martins<\/p>\n<p><b>Sinopse<\/b>:\u00a0<i>Enquanto a imagem n\u00e3o sai do ar<\/i>\u00a0\u00e9 uma obra que faz um registro hist\u00f3rico de valiosas tentativas, frustra\u00e7\u00f5es e \u00eaxitos na captura dos sinais da TV preto e branco e colorida para toda a regi\u00e3o do Norte de Minas.<\/p>\n<\/div>\n<\/div>\n<section class=\"elementor-section elementor-inner-section elementor-element elementor-element-54730183 elementor-section-boxed elementor-section-height-default elementor-section-height-default wpr-particle-no wpr-jarallax-no wpr-parallax-no wpr-sticky-section-no\" data-id=\"54730183\" data-element_type=\"section\">\n<div class=\"elementor-container elementor-column-gap-default\">\n<div class=\"elementor-column elementor-col-50 elementor-inner-column elementor-element elementor-element-13116b89\" data-id=\"13116b89\" data-element_type=\"column\">\n<div class=\"elementor-widget-wrap elementor-element-populated\">\n<div class=\"elementor-element elementor-element-274bd270 elementor-widget elementor-widget-text-editor\" data-id=\"274bd270\" data-element_type=\"widget\" data-widget_type=\"text-editor.default\">\n<div class=\"elementor-widget-container\">\n<p><strong>\u00c1rea:<\/strong>\u00a0Ci\u00eancias Humanas<\/p>\n<p><strong>Cole\u00e7\u00e3o:<\/strong>\u00a0Mem\u00f3rias<\/p>\n<p><strong>ISBN:\u00a0<\/strong>978-85-94368-03-4<\/p>\n<p><strong>Ano | Edi\u00e7\u00e3o:\u00a0<\/strong>2018 |\u00a01\u00b0<\/p>\n<p><strong>P\u00e1ginas:<\/strong>\u00a0130<\/p>\n<p><strong>Editora:<\/strong>\u00a0Unimontes<\/p>\n<p><strong>Dimens\u00e3o:\u00a0<\/strong>14x21cm<\/p>\n<\/div>\n<\/div>\n<\/div>\n<\/div>\n<\/div>\n<\/section>\n","protected":false},"excerpt":{"rendered":"<p>Autores: C\u00e9sar Felipe Gusm\u00e3o Santiago, Marcelo Jos\u00e9 da Silva de Magalh\u00e3es e Ana Paula Alkmim Figueiredo Martins Sinopse:\u00a0Enquanto a imagem n\u00e3o sai do ar\u00a0\u00e9 uma obra que faz um registro hist\u00f3rico de valiosas tentativas, frustra\u00e7\u00f5es e \u00eaxitos na captura dos sinais da TV preto e branco e colorida para toda a regi\u00e3o do Norte de [&hellip;]<\/p>\n","protected":false},"featured_media":1102,"template":"","meta":[],"product_brand":[],"product_cat":[31,46,26],"product_tag":[],"class_list":{"0":"post-923","1":"product","2":"type-product","3":"status-publish","4":"has-post-thumbnail","6":"product_cat-ciencias-humanas","7":"product_cat-colecao-memorias","8":"product_cat-publicacoes","10":"first","11":"outofstock","12":"shipping-taxable","13":"purchasable","14":"product-type-simple"},"_links":{"self":[{"href":"https:\/\/livraria.fadenor.com.br\/index.php?rest_route=\/wp\/v2\/product\/923","targetHints":{"allow":["GET"]}}],"collection":[{"href":"https:\/\/livraria.fadenor.com.br\/index.php?rest_route=\/wp\/v2\/product"}],"about":[{"href":"https:\/\/livraria.fadenor.com.br\/index.php?rest_route=\/wp\/v2\/types\/product"}],"version-history":[{"count":1,"href":"https:\/\/livraria.fadenor.com.br\/index.php?rest_route=\/wp\/v2\/product\/923\/revisions"}],"predecessor-version":[{"id":2378,"href":"https:\/\/livraria.fadenor.com.br\/index.php?rest_route=\/wp\/v2\/product\/923\/revisions\/2378"}],"wp:featuredmedia":[{"embeddable":true,"href":"https:\/\/livraria.fadenor.com.br\/index.php?rest_route=\/wp\/v2\/media\/1102"}],"wp:attachment":[{"href":"https:\/\/livraria.fadenor.com.br\/index.php?rest_route=%2Fwp%2Fv2%2Fmedia&parent=923"}],"wp:term":[{"taxonomy":"product_brand","embeddable":true,"href":"https:\/\/livraria.fadenor.com.br\/index.php?rest_route=%2Fwp%2Fv2%2Fproduct_brand&post=923"},{"taxonomy":"product_cat","embeddable":true,"href":"https:\/\/livraria.fadenor.com.br\/index.php?rest_route=%2Fwp%2Fv2%2Fproduct_cat&post=923"},{"taxonomy":"product_tag","embeddable":true,"href":"https:\/\/livraria.fadenor.com.br\/index.php?rest_route=%2Fwp%2Fv2%2Fproduct_tag&post=923"}],"curies":[{"name":"wp","href":"https:\/\/api.w.org\/{rel}","templated":true}]}}