{"id":941,"date":"2024-08-03T23:25:16","date_gmt":"2024-08-04T02:25:16","guid":{"rendered":"https:\/\/livraria.fadenor.com.br\/?post_type=product&#038;p=941"},"modified":"2025-12-12T15:58:14","modified_gmt":"2025-12-12T18:58:14","slug":"abordagem-clinica-das-queixas-neurologicas","status":"publish","type":"product","link":"https:\/\/livraria.fadenor.com.br\/?product=abordagem-clinica-das-queixas-neurologicas","title":{"rendered":"Abordagem Cl\u00ednica das Queixas Neurol\u00f3gicas"},"content":{"rendered":"<div class=\"elementor-element elementor-element-23e3479b elementor-widget__width-initial elementor-widget elementor-widget-text-editor\" data-id=\"23e3479b\" data-element_type=\"widget\" data-widget_type=\"text-editor.default\">\n<div class=\"elementor-widget-container\">\n<p><b>Autores<\/b>: Maria Cec\u00edlia Gomes Pereira Ferreira de Lima, V\u00e2nia de Ara\u00fajo Pereira e Raimundo Nonato Delgado Rodrigues<\/p>\n<p><b>Sinopse<\/b>: Este manual \u00e9 uma revis\u00e3o da literatura mais atual direcionada ao cl\u00ednico geral, na inten\u00e7\u00e3o de ser um aux\u00edlio \u00e0 pr\u00e1tica di\u00e1ria, facilitando a abordagem do paciente neurol\u00f3gico. Aqui est\u00e3o descritos os principais sintomas neurol\u00f3gicos encontrados pelo cl\u00ednico, seu manejo inicial, exames a serem solicitados e indica\u00e7\u00f5es de quando chamar o neurologista.<\/p>\n<\/div>\n<\/div>\n<section class=\"elementor-section elementor-inner-section elementor-element elementor-element-260b5dbd elementor-section-boxed elementor-section-height-default elementor-section-height-default wpr-particle-no wpr-jarallax-no wpr-parallax-no wpr-sticky-section-no\" data-id=\"260b5dbd\" data-element_type=\"section\">\n<div class=\"elementor-container elementor-column-gap-default\">\n<div class=\"elementor-column elementor-col-50 elementor-inner-column elementor-element elementor-element-4b598335\" data-id=\"4b598335\" data-element_type=\"column\">\n<div class=\"elementor-widget-wrap elementor-element-populated\">\n<div class=\"elementor-element elementor-element-77ee73b elementor-widget elementor-widget-text-editor\" data-id=\"77ee73b\" data-element_type=\"widget\" data-widget_type=\"text-editor.default\">\n<div class=\"elementor-widget-container\">\n<p><strong>\u00c1rea:<\/strong>\u00a0Ci\u00eancias da Sa\u00fade<\/p>\n<p><strong>ISBN:<\/strong>\u00a085-87786-54-7<\/p>\n<p><strong>Ano | Edi\u00e7\u00e3o:<\/strong>\u00a02003 |\u00a01\u00b0<\/p>\n<p><strong>P\u00e1ginas:\u00a0<\/strong>134<\/p>\n<p><strong>Editora:\u00a0<\/strong>Unimontes<\/p>\n<p><strong>Dimens\u00e3o:<\/strong> 14x21cm<\/p>\n<\/div>\n<\/div>\n<\/div>\n<\/div>\n<\/div>\n<\/section>\n","protected":false},"excerpt":{"rendered":"<p>Autores: Maria Cec\u00edlia Gomes Pereira Ferreira de Lima, V\u00e2nia de Ara\u00fajo Pereira e Raimundo Nonato Delgado Rodrigues Sinopse: Este manual \u00e9 uma revis\u00e3o da literatura mais atual direcionada ao cl\u00ednico geral, na inten\u00e7\u00e3o de ser um aux\u00edlio \u00e0 pr\u00e1tica di\u00e1ria, facilitando a abordagem do paciente neurol\u00f3gico. Aqui est\u00e3o descritos os principais sintomas neurol\u00f3gicos encontrados pelo [&hellip;]<\/p>\n","protected":false},"featured_media":1085,"template":"","meta":[],"product_brand":[],"product_cat":[29,26],"product_tag":[],"class_list":{"0":"post-941","1":"product","2":"type-product","3":"status-publish","4":"has-post-thumbnail","6":"product_cat-ciencias-da-saude","7":"product_cat-publicacoes","9":"first","10":"outofstock","11":"shipping-taxable","12":"purchasable","13":"product-type-simple"},"_links":{"self":[{"href":"https:\/\/livraria.fadenor.com.br\/index.php?rest_route=\/wp\/v2\/product\/941","targetHints":{"allow":["GET"]}}],"collection":[{"href":"https:\/\/livraria.fadenor.com.br\/index.php?rest_route=\/wp\/v2\/product"}],"about":[{"href":"https:\/\/livraria.fadenor.com.br\/index.php?rest_route=\/wp\/v2\/types\/product"}],"version-history":[{"count":1,"href":"https:\/\/livraria.fadenor.com.br\/index.php?rest_route=\/wp\/v2\/product\/941\/revisions"}],"predecessor-version":[{"id":2362,"href":"https:\/\/livraria.fadenor.com.br\/index.php?rest_route=\/wp\/v2\/product\/941\/revisions\/2362"}],"wp:featuredmedia":[{"embeddable":true,"href":"https:\/\/livraria.fadenor.com.br\/index.php?rest_route=\/wp\/v2\/media\/1085"}],"wp:attachment":[{"href":"https:\/\/livraria.fadenor.com.br\/index.php?rest_route=%2Fwp%2Fv2%2Fmedia&parent=941"}],"wp:term":[{"taxonomy":"product_brand","embeddable":true,"href":"https:\/\/livraria.fadenor.com.br\/index.php?rest_route=%2Fwp%2Fv2%2Fproduct_brand&post=941"},{"taxonomy":"product_cat","embeddable":true,"href":"https:\/\/livraria.fadenor.com.br\/index.php?rest_route=%2Fwp%2Fv2%2Fproduct_cat&post=941"},{"taxonomy":"product_tag","embeddable":true,"href":"https:\/\/livraria.fadenor.com.br\/index.php?rest_route=%2Fwp%2Fv2%2Fproduct_tag&post=941"}],"curies":[{"name":"wp","href":"https:\/\/api.w.org\/{rel}","templated":true}]}}