{"id":942,"date":"2024-08-03T23:27:54","date_gmt":"2024-08-04T02:27:54","guid":{"rendered":"https:\/\/livraria.fadenor.com.br\/?post_type=product&#038;p=942"},"modified":"2025-12-12T15:57:55","modified_gmt":"2025-12-12T18:57:55","slug":"unimontes-50-anos-historia-e-memoria","status":"publish","type":"product","link":"https:\/\/livraria.fadenor.com.br\/?product=unimontes-50-anos-historia-e-memoria","title":{"rendered":"Unimontes 50 anos: Hist\u00f3ria e Mem\u00f3ria"},"content":{"rendered":"<div class=\"elementor-element elementor-element-563cf333 elementor-widget__width-initial elementor-widget elementor-widget-text-editor\" data-id=\"563cf333\" data-element_type=\"widget\" data-widget_type=\"text-editor.default\">\n<div class=\"elementor-widget-container\">\n<p><b>Autora<\/b>: Carla Maria Junho Anastasia<\/p>\n<p><b>Sinopse<\/b>: A obra contempla as cinco primeiras d\u00e9cadas de hist\u00f3ria da maior institui\u00e7\u00e3o de ensino superior do Norte de Minas, desde a sua funda\u00e7\u00e3o, como Funda\u00e7\u00e3o Universidade Norte Mineira (FUNM), at\u00e9 o seu anivers\u00e1rio de 50 anos, j\u00e1 consolidada como Universidade Estadual de Montes Claros (UNIMONTES). Al\u00e9m de discorrer sobre a trajet\u00f3ria do Ensino, da Pesquisa e da Extens\u00e3o da universidade, conta ainda com depoimentos de professores que contribu\u00edram para consolida\u00e7\u00e3o da institui\u00e7\u00e3o.<\/p>\n<\/div>\n<\/div>\n<section class=\"elementor-section elementor-inner-section elementor-element elementor-element-264daec1 elementor-section-boxed elementor-section-height-default elementor-section-height-default wpr-particle-no wpr-jarallax-no wpr-parallax-no wpr-sticky-section-no\" data-id=\"264daec1\" data-element_type=\"section\">\n<div class=\"elementor-container elementor-column-gap-default\">\n<div class=\"elementor-column elementor-col-50 elementor-inner-column elementor-element elementor-element-13914dbe\" data-id=\"13914dbe\" data-element_type=\"column\">\n<div class=\"elementor-widget-wrap elementor-element-populated\">\n<div class=\"elementor-element elementor-element-56efcc5b elementor-widget elementor-widget-text-editor\" data-id=\"56efcc5b\" data-element_type=\"widget\" data-widget_type=\"text-editor.default\">\n<div class=\"elementor-widget-container\">\n<p><strong>\u00c1rea:<\/strong>\u00a0Ci\u00eancias Humanas<\/p>\n<p><strong>ISBN:\u00a0<\/strong>978-85-7739-275-9<\/p>\n<p><strong>Ano | Edi\u00e7\u00e3o:<\/strong>\u00a02012 |\u00a01\u00b0<\/p>\n<p><strong>P\u00e1ginas:\u00a0<\/strong>120<\/p>\n<p><strong>Editora:\u00a0<\/strong>Unimontes<\/p>\n<p><strong>Dimens\u00e3o:<\/strong>\u00a020,5\u00d723,5cm<\/p>\n<\/div>\n<\/div>\n<\/div>\n<\/div>\n<\/div>\n<\/section>\n","protected":false},"excerpt":{"rendered":"<p>Autora: Carla Maria Junho Anastasia Sinopse: A obra contempla as cinco primeiras d\u00e9cadas de hist\u00f3ria da maior institui\u00e7\u00e3o de ensino superior do Norte de Minas, desde a sua funda\u00e7\u00e3o, como Funda\u00e7\u00e3o Universidade Norte Mineira (FUNM), at\u00e9 o seu anivers\u00e1rio de 50 anos, j\u00e1 consolidada como Universidade Estadual de Montes Claros (UNIMONTES). Al\u00e9m de discorrer sobre [&hellip;]<\/p>\n","protected":false},"featured_media":1113,"template":"","meta":[],"product_brand":[],"product_cat":[31,46,26],"product_tag":[],"class_list":{"0":"post-942","1":"product","2":"type-product","3":"status-publish","4":"has-post-thumbnail","6":"product_cat-ciencias-humanas","7":"product_cat-colecao-memorias","8":"product_cat-publicacoes","10":"first","11":"outofstock","12":"shipping-taxable","13":"purchasable","14":"product-type-simple"},"_links":{"self":[{"href":"https:\/\/livraria.fadenor.com.br\/index.php?rest_route=\/wp\/v2\/product\/942","targetHints":{"allow":["GET"]}}],"collection":[{"href":"https:\/\/livraria.fadenor.com.br\/index.php?rest_route=\/wp\/v2\/product"}],"about":[{"href":"https:\/\/livraria.fadenor.com.br\/index.php?rest_route=\/wp\/v2\/types\/product"}],"version-history":[{"count":2,"href":"https:\/\/livraria.fadenor.com.br\/index.php?rest_route=\/wp\/v2\/product\/942\/revisions"}],"predecessor-version":[{"id":2361,"href":"https:\/\/livraria.fadenor.com.br\/index.php?rest_route=\/wp\/v2\/product\/942\/revisions\/2361"}],"wp:featuredmedia":[{"embeddable":true,"href":"https:\/\/livraria.fadenor.com.br\/index.php?rest_route=\/wp\/v2\/media\/1113"}],"wp:attachment":[{"href":"https:\/\/livraria.fadenor.com.br\/index.php?rest_route=%2Fwp%2Fv2%2Fmedia&parent=942"}],"wp:term":[{"taxonomy":"product_brand","embeddable":true,"href":"https:\/\/livraria.fadenor.com.br\/index.php?rest_route=%2Fwp%2Fv2%2Fproduct_brand&post=942"},{"taxonomy":"product_cat","embeddable":true,"href":"https:\/\/livraria.fadenor.com.br\/index.php?rest_route=%2Fwp%2Fv2%2Fproduct_cat&post=942"},{"taxonomy":"product_tag","embeddable":true,"href":"https:\/\/livraria.fadenor.com.br\/index.php?rest_route=%2Fwp%2Fv2%2Fproduct_tag&post=942"}],"curies":[{"name":"wp","href":"https:\/\/api.w.org\/{rel}","templated":true}]}}